000111010100 (base 2) to base 14
54b40
Convert 32a63d (base 16) to base 14.
62596d
What is -16566cc (base 14) in base 3?
-202122011001020
What is -19978 (base 13) in base 11?
-34593
Convert 2010022012010 (base 3) to base 5.
242043101
660863 (base 10) to base 14
132ba7
Convert 2112123102 (base 4) to base 9.
1138166
What is -403113120 (base 5) in base 14?
-300047
-71c2a7 (base 15) to base 3
-101011201111111
-4608 (base 15) to base 11
-10188
What is -2a41 (base 16) in base 14?
-3d29
-43514532 (base 6) to base 7
-14025602
What is 536001 (base 7) in base 12?
45ba9
Convert -2232841 (base 12) to base 10.
-6536497
What is 1020101120 (base 3) in base 16?
5f16
What is -41ae83 (base 15) in base 2?
-1011111010111110011100
Convert 1020320201 (base 4) to base 10.
298529
Convert -110000010001000000 (base 2) to base 7.
-1452242
Convert 8a98a (base 12) to base 13.
66019
15d0545 (base 14) to base 5
10221002410
What is -503b (base 16) in base 7?
-113611
-100221012010000 (base 3) to base 14
-9b5a70
Convert -150623 (base 15) to base 11.
-632822
Convert -1132220002 (base 4) to base 14.
-a136a
-232423421 (base 7) to base 8
-66452677
What is 841499 (base 11) in base 16?
14951f
What is -578177 (base 15) in base 8?
-17741233
Convert 34dcf2 (base 16) to base 2.
1101001101110011110010
What is 1000100001100101001101 (base 2) in base 6?
115521501
Convert -ba3970 (base 12) to base 5.
-1223413301
26055763 (base 8) to base 5
2440300312
What is 2010803 (base 10) in base 9?
3704265
What is -182c140 (base 14) in base 8?
-55434374
Convert -524657 (base 9) to base 14.
-818cd
Convert 771616 (base 10) to base 13.
2102a1
Convert -17079 (base 12) to base 4.
-20002131
What is 4213141 (base 5) in base 16?
110a4
Convert 1030040314 (base 5) to base 11.
1266496
Convert bc694 (base 13) to base 6.
11153450
-221113100 (base 4) to base 11
-106322
Convert 1521152 (base 7) to base 3.
101111211112
What is -46405 (base 7) in base 4?
-2321113
12a441 (base 13) to base 16
6e22a
What is -1132133113 (base 4) in base 15?
-79a21
Convert -20021210120 (base 3) to base 6.
-2353023
Convert -100102014 (base 5) to base 8.
-1401431
55806 (base 13) to base 6
3154140
21203377 (base 9) to base 6
1003001241
-121331011 (base 4) to base 12
-51631
Convert 486c68 (base 15) to base 7.
41312432
Convert 142a171 (base 11) to base 13.
681089
What is f8d24 (base 16) in base 12?
411970
Convert -215085 (base 12) to base 6.
-15144245
What is 88c13 (base 16) in base 3?
1001110101012
-6eb29 (base 15) to base 11
-221667
16050 (base 14) to base 15
11435
What is -10011101101110111 (base 2) in base 10?
-80759
3081247 (base 9) to base 16
192481
What is 3232403 (base 5) in base 14?
1625b
2022c50 (base 14) to base 11
8603854
-121330 (base 5) to base 16
-11ee
Convert -419111 (base 14) to base 11.
-1282970
What is 11345035 (base 6) in base 11?
223695
-11101010112 (base 3) to base 2
-10101000001100101
Convert 1b7bc9 (base 15) to base 14.
26d399
-837274 (base 10) to base 4
-3030122122
Convert 41043a (base 12) to base 11.
634940
745bb1 (base 14) to base 16
3c08ff
-b2526 (base 12) to base 13
-81975
-52630 (base 10) to base 2
-1100110110010110
Convert 343875 (base 9) to base 15.
411ce
What is 3700 (base 16) in base 6?
145104
What is 11010110011111000001101 (base 2) in base 16?
6b3e0d
What is 2054300 (base 6) in base 7?
566526
-785042 (base 12) to base 5
-442311102
What is 101000110101111111 (base 2) in base 15?
34880
Convert -6784a3 (base 11) to base 10.
-1080038
What is -55be9 (base 16) in base 15?
-6e0de
Convert 3677070 (base 9) to base 8.
7501536
-4772115 (base 10) to base 11
-276a3a7
-23442023 (base 8) to base 13
-10a7867
Convert -c6c0b (base 16) to base 2.
-11000110110000001011
Convert 221221001102 (base 3) to base 13.
14b39a
243351 (base 6) to base 2
101010000010011
-2444004 (base 8) to base 14
-1377a4
What is 10110000001011110100 (base 2) in base 6?
23244552
What is -23446 (base 9) in base 7?
-63462
148245 (base 9) to base 2
10110010011000000
-110021231 (base 4) to base 14
-2211b
Convert -115a791 (base 13) to base 7.
-63411001
What is -122700 (base 9) in base 5?
-4333241
-1111010000110010111 (base 2) to base 13
-146839
What is 225430 (base 6) in base 10?
19386
What is -152444 (base 6) in base 12?
-8724
-3321120 (base 6) to base 2
-101000100100001000
Convert -143330 (base 5) to base 14.
-2310
-320033202 (base 4) to base 14
-5dd50
Convert -653a36 (base 12) to base 4.
-12013130022
What is -443522 (base 11) in base 9?
-1287318
Convert -37466b0 (base 12) to base 4.
-221023101210
-414566 (base 13) to base 8
-5637372
Convert -2317343 (base 8) to base 7.
-5234122
What is 237034 (base 9) in base 8?
427103
What is -44241 (base 11) in base 5?
-4023200
-242420 (base 8) to base 16
-14510
-78221 (base 14) to base 12
-120699
62001441 (base 7) to base 4
103233330210
Convert 53264 (base 11) to base 10.
77510
Convert 652441 (base 8) to base 11.
13a0a7
-11111220211 (base 3) to base 16
-15b2f
Convert -124139 (base 12) to base 10.
-297405
-881355 (base 10) to base 3
-1122202222210
Convert -10253716 (base 9) to base 6.
-253450453
159206 (base 11) to base 2
111100001011010011
What is -110110000011100100 (base 2) in base 12?
-a8170
Convert 1111001011111101 (base 2) to base 13.
22410
-15501225 (base 6) to base 3
-1001001202022
What is -78079 (base 11) in base 3?
-12202022101
What is 2311332131 (base 5) in base 7?
62026000
Convert -22528 (base 13) to base 10.
-62395
-53241 (base 11) to base 7
-441622
What is -2c2e5 (base 16) in base 4?
-230023211
134c6 (base 13) to base 14
d18a
Convert -1100022221121 (base 3) to base 2.
-10101110100101100111
What is -2742b (base 12) in base 9?
-82278
What is -57405 (base 13) in base 7?
-1231110
What is -213131212 (base 4) in base 6?
-3244154
Convert 161115 (base 8) to base 13.
204a5
-37984 (base 10) to base 15
-b3c4
58408b (base 12) to base 9
2588758
What is 1300140124 (base 5) in base 6?
151033452
Convert -1792693 (base 11) to base 6.
-145011041
What is -877421 (base 9) in base 4?
-1333313311
-4002010 (base 11) to base 3
-111100011011111
What is 49f9 (base 16) in base 7?
106132
4c8b6a (base 15) to base 5
1420041300
102030011 (base 4) to base 5
4341001
Convert 13655621 (base 7) to base 13.
362a26
What is 13030520 (base 6) in base 16?
67830
What is -1102221100 (base 3) in base 5?
-1402021
Convert -26a84a2 (base 12) to base 10.
-7686842
What is -1e7ea9 (base 15) in base 9?
-2727746
What is -9c08b6 (base 13) in base 14?
-6bd366
What is -18902b2 (base 12) in base 4?
-103230222212
-10022203133 (base 4) to base 14
-205c63
18807 (base 9) to base 7
53020
Convert 110310520 (base 6) to base 13.
5462a9
33021422 (base 5) to base 13
9b900
Convert 1115325 (base 7) to base 4.
201313302
-106bea (base 16) to base 10
-1076202
-5c2021 (base 13) to base 14
-4150d4
2693cd (base 15) to base 7
21520333
What is 20211001012 (base 3) in base 8?
406030
What is 1514728 (base 10) in base 9?
2757731
-d7b0 (base 14) to base 15
-b04d
Convert 2773 (base 12) to base 7.
16161
Convert 2302012440 (base 5) to base 12.
1865482
-12112002212 (base 3) to base 10
-108698
What is -245551 (base 6) in base 11?
-15605
Convert -1323632 (base 11) to base 6.
-121020022
What is -36882 (base 13) in base 11?
-69413
16308572 (base 9) to base 7
126213461
Convert -2292667 (base 13) to base 11.
-602008a
-122221112222 (base 3) to base 13
-c4a24
Convert 325819 (base 13) to base 6.
41210304
Convert -2033451 (base 6) to base 9.
-158414
-132310323 (base 4) to base 9
-212176
What is 10311330 (base 5) in base 7?
515360
Convert 115005435 (base 7) to base 9.
14451070
Convert -88a6574 (base 11) to base 14.
-2106d50
Convert -132112341 (base 5) to base 3.
-1020112211021
Convert -25620051 (base 8) to base 13.
-124bc25
1100110001011011010110 (base 2) to base 15
4620c2
-33240 (base 15) to base 12
-7a066
Convert -10100100000110000 (base 2) to base 11.
-58139
100242341 (base 5) to base 15
7d681
What is -12576016 (base 8) in base 2?
-1010101111110000001110
What is 2232432 (base 5) in base 11?
2794a
Convert -2405252 (base 6) to base 2.
-11110101010100000
Convert -21ea9 (base 15) to base 6.
-2151410
-2111021022210 (base 3) to base 16
-143445
What is 54055522 (base 7) in base 8?
21434664
Convert 39a7a (base 12) to base 11.
54636
Convert -7a6a28 (base 12) to base 10.
-1961024
-100000111010101101111 (b